119 prime?
True
Is 4001167 a composite number?
False
Is 117874403 a composite number?
False
Is 7687991 composite?
False
Is 7928969 prime?
True
Is 21716437 composite?
False
Is 2209069 prime?
False
Is 124092391 a composite number?
True
Is 126683897 prime?
False
Is 80287697 prime?
False
Is 376572397 composite?
True
Is 17491127 prime?
True
Is 466611751 prime?
False
Is 94166089 prime?
True
Is 851924589 a prime number?
False
Is 5906441 prime?
True
Is 1627279 composite?
True
Is 16637477 composite?
False
Is 13605913 a prime number?
False
Is 53285831 prime?
False
Is 91855451 a prime number?
False
Is 17983307 a composite number?
False
Is 18475433 a prime number?
False
Is 46613153 a composite number?
False
Is 1111438147 prime?
False
Is 13772243 composite?
False
Is 25343041 composite?
True
Is 76513 a composite number?
True
Is 33296467 composite?
True
Is 8589289 prime?
True
Is 27315895 prime?
False
Is 602947 composite?
False
Is 5546513 prime?
False
Is 810517 composite?
False
Is 7726531 composite?
False
Is 85182598 prime?
False
Is 8480573 a composite number?
True
Is 35356121 a composite number?
True
Is 2612749 a composite number?
False
Is 149099113 composite?
False
Is 613737687 a composite number?
True
Is 2231053 prime?
False
Is 199761533 a prime number?
False
Is 50803883 a prime number?
False
Is 10670807 prime?
False
Is 178617311 a composite number?
False
Is 102486061 composite?
True
Is 574349 a prime number?
False
Is 3555053 a prime number?
True
Is 10189801 a composite number?
True
Is 261826891 a composite number?
True
Is 9627242 a composite number?
True
Is 7084829 a composite number?
True
Is 71085401 prime?
True
Is 33566537 a prime number?
False
Is 24399013 composite?
False
Is 4431043 prime?
False
Is 89077449 prime?
False
Is 285572089 a composite number?
True
Is 10617083 composite?
False
Is 64370947 a prime number?
False
Is 194831023 composite?
False
Is 16497517 a composite number?
True
Is 2663083 prime?
False
Is 5532571 composite?
True
Is 30466903 a prime number?
False
Is 25313603 a prime number?
False
Is 250353907 prime?
False
Is 3409927 composite?
False
Is 1226411 a composite number?
True
Is 179801 a composite number?
False
Is 568069607 composite?
True
Is 9915377 prime?
True
Is 49273457 composite?
True
Is 321743 composite?
False
Is 3708779 prime?
False
Is 114681379 a composite number?
False
Is 281056063 prime?
True
Is 85957243 a prime number?
True
Is 2088439 a composite number?
True
Is 116479103 a prime number?
False
Is 1933397 composite?
False
Is 6876217 composite?
False
Is 16149223 composite?
False
Is 181333 a composite number?
True
Is 31585 prime?
False
Is 153064297 a composite number?
False
Is 9570109 a prime number?
False
Is 12006343 a composite number?
False
Is 51269 composite?
True
Is 103057303 prime?
True
Is 76112149 a prime number?
True
Is 54338633 prime?
False
Is 25341119 prime?
True
Is 150207581 prime?
True
Is 12478043 a prime number?
True
Is 1419667 a composite number?
True
Is 4061177 prime?
True
Is 198595 composite?
True
Is 18906913 composite?
False
Is 21293009 a prime number?
False
Is 2354713 a prime number?
False
Is 77961031 a prime number?
False
Is 3804607 prime?
True
Is 6324709 prime?
True
Is 4048489 a composite number?
True
Is 148252735 a composite number?
True
Is 264346127 a prime number?
True
Is 2756027 a composite number?
True
Is 331415939 a prime number?
True
Is 222211 a composite number?
True
Is 189241 prime?
False
Is 1836011 a composite number?
False
Is 768671 a composite number?
False
Is 138180377 a composite number?
False
Is 419505455 composite?
True
Is 1089551 a prime number?
True
Is 10042379 prime?
True
Is 3918298 a prime number?
False
Is 32848729 a prime number?
True
Is 103695409 prime?
True
Is 275689319 prime?
True
Is 50805547 a composite number?
True
Is 119107433 prime?
True
Is 18127367 a composite number?
False
Is 12638621 a composite number?
False
Is 22820297 prime?
True
Is 1387571 a prime number?
True
Is 5840981 a composite number?
True
Is 5048403 a prime number?
False
Is 194221 a prime number?
False
Is 23000443 a composite number?
True
Is 16153127 composite?
True
Is 49986931 composite?
False
Is 18763663 prime?
True
Is 156320191 prime?
False
Is 3787627 composite?
False
Is 1025909 a prime number?
True
Is 6295469 a prime number?
True
Is 13961213 a prime number?
False
Is 5202619 a composite number?
False
Is 33946109 prime?
True
Is 769154 prime?
False
Is 198336989 composite?
False
Is 358850369 a prime number?
True
Is 10222279 prime?
True
Is 13034261 composite?
True
Is 485263 a composite number?
False
Is 14265301 a prime number?
False
Is 4689661 prime?
True
Is 5325953 composite?
False
Is 381187 a prime number?
False
Is 12388333 composite?
True
Is 219913 a prime number?
False
Is 19410287 prime?
False
Is 149519621 a prime number?
False
Is 78380353 composite?
True
Is 8846719 a composite number?
True
Is 24420745 a prime number?
False
Is 27165511 prime?
False
Is 76895701 composite?
False
Is 975031 a prime number?
False
Is 27472069 prime?
True
Is 2710517 composite?
False
Is 850081 a composite number?
False
Is 226691273 a composite number?
False
Is 500558467 composite?
True
Is 334190491 a composite number?
False
Is 5695615 composite?
True
Is 64510198 prime?
False
Is 85798837 prime?
True
Is 64080563 a composite number?
False
Is 37564043 a composite number?
True
Is 1258934 composite?
True
Is 43566879 a prime number?
False
Is 4874143 a prime number?
False
Is 59534485 a prime number?
False
Is 5101379 prime?
True
Is 804361 composite?
True
Is 180179 a prime number?
True
Is 57412049 composite?
True
Is 5450903 a composite number?
False
Is 21573307 composite?
True
Is 13883413 prime?
True
Is 1803437 prime?
False
Is 190779747 composite?
True
Is 26898853 a prime number?
True
Is 10005967 prime?
True
Is 30246253 a composite number?
True
Is 794628479 composite?
False
Is 7706233 a prime number?
False
Is 7580611 composite?
True
Is 1809322 a composite number?
True
Is 4377227 a composite number?
False
Is 305014019 prime?
True
Is 283106513 composite?
False
Is 340980581 a prime number?
False
Is 8022739 composite?
False
Is 8425387 a prime number?
False
Is 87897871 composite?
True
Is 34540951 composite?
True
Is 8035331 composite?
True
Is 467587 composite?
False
Is 283529363 composite?
True
Is 75145823 a composite number?
False
Is 15744377 a composite number?
True
Is 348974363 prime?
False
Is 48099031 composite?
True
Is 343417 composite?
True
Is 3990187 a composite number?
False
Is 31981343 a composite number?
True
Is 10711211 prime?
False
Is 103549447 a composite number?
False
Is 369353 a prime number?
True
Is 7086311 composite?
True
Is 2932091 a prime number?
True
Is 11605247 prime?
False
Is 1690861 composite?
True
Is 13878446 prime?
False
Is 129308807 composite?
True
Is 1690607 a composite number?
True
Is 467927 a prime number?
True
Is 906407 composite?
True
Is 11583079 prime?
True
Is 56641369 a composite number?
False
Is 4494253 composite?
True
Is 267829 a prime number?
True
Is 2636857 composite?
False
Is 15514039 composite?
True
Is 33344237 a prime number?
True
Is 7536223 composite?
True
Is 589439 composite?
False
Is 38753443 prime?
False
Is 12622037 composite?
True
Is 64817147 a prime number?
True
Is 30564337 prime?
True
Is 2615069 a prime number?
True
Is 735529 a composite number?
False
Is 23615915 prime?
False
Is 33649411 prime?
False
Is 16015247 a composite number?
True
Is 546569 composite?
False
Is 72636821 a prime number?
True
Is 5192153 a composite number?
False
Is 1185179 composite?
False
Is 8673499 composite?
False
Is 16243463 a prime number?
False
Is 169167331 a prime number?
False
Is 310348469 a prime number?
True
Is 776357 a prime number?
True
Is 2104589 a prime number?
False
Is 5921759 a composite number?
False
Is 1820891 a composite number?
False
Is 747203455 a prime number?
False
Is 34821961 composite?
True
Is 17668849 a composite number?
True
Is 2740177 prime?
False
Is 5703619 composite?
True
Is 3320029 a prime number?
True
Is 46723471 a composite number?
False
Is 193701 composite?
True
Is 31210031 prime?
False
Is 3844657 composite?
True
Is 462855695 a prime number?
False
Is 62350019 a composite number?
False
Is 36803411 a composite number?
False
Is 5989493 prime?
True
Is 8187695 prime?
False
Is 106423 a composite number?
True
